 482224723 a prime number?
False
Is 1142330333 a prime number?
True
Is 765459146 a prime number?
False
Is 2229450409 a prime number?
True
Is 1172264671 composite?
False
Is 80972019151 a composite number?
False
Is 6631850257 a composite number?
True
Is 13885628467 a composite number?
True
Is 106541459447 composite?
True
Is 84924344887 prime?
True
Is 275284189 a prime number?
True
Is 8658589111 a composite number?
False
Is 97738079377 a prime number?
True
Is 5454124313 composite?
True
Is 6563844649 composite?
False
Is 563498003 a composite number?
False
Is 3460847057 composite?
False
Is 418118353 prime?
True
Is 675763913 a composite number?
True
Is 646246717 a composite number?
True
Is 14361701131 a prime number?
True
Is 352009106531 prime?
True
Is 111279529 composite?
True
Is 17658142703 prime?
False
Is 39586905437 composite?
False
Is 97340953 prime?
True
Is 19388705165 a prime number?
False
Is 37652977049 composite?
False
Is 472506791 a composite number?
False
Is 4021942031 a composite number?
True
Is 2364048201 composite?
True
Is 431484605 a prime number?
False
Is 235204243 a composite number?
False
Is 5710636823 prime?
False
Is 70953861973 a composite number?
True
Is 1507403321 composite?
False
Is 44918441 a composite number?
False
Is 42087736531 a composite number?
False
Is 843773663 a composite number?
False
Is 6002867291 a composite number?
True
Is 52663201 a prime number?
False
Is 53453498321 composite?
True
Is 2604403531 composite?
True
Is 664579159 prime?
False
Is 35611519 a composite number?
False
Is 4033092491 composite?
False
Is 56974493873 composite?
True
Is 193824508657 a composite number?
True
Is 63090359743 a composite number?
True
Is 8305722823 prime?
True
Is 23639225882 prime?
False
Is 4559445161 composite?
True
Is 52755049063 a prime number?
False
Is 235338533 a composite number?
False
Is 500004683 a composite number?
True
Is 4328037221 a prime number?
True
Is 195058933 prime?
True
Is 6869613551 a prime number?
True
Is 58236510091 a composite number?
False
Is 3206247923 prime?
False
Is 14704843507 composite?
True
Is 113074167 prime?
False
Is 4495115111 prime?
True
Is 1211896318 prime?
False
Is 26727031291 composite?
True
Is 58191907 composite?
False
Is 1088065607 a composite number?
False
Is 9014154757 a composite number?
True
Is 2415477881 a prime number?
True
Is 420307049 a prime number?
False
Is 273593737 a composite number?
False
Is 2330893538 composite?
True
Is 17263811 a prime number?
True
Is 123128993807 composite?
True
Is 317475071 a composite number?
False
Is 7836487279 a composite number?
True
Is 374517161 a composite number?
False
Is 7456043977 composite?
True
Is 356615419 composite?
False
Is 19072820191 a prime number?
True
Is 3346734031 a prime number?
True
Is 28804224899 composite?
False
Is 1178300671 prime?
True
Is 591566189 a prime number?
False
Is 122987807 a prime number?
True
Is 18615549917 prime?
True
Is 6642505019 a composite number?
True
Is 2342009 a composite number?
True
Is 7130393306 a composite number?
True
Is 1361720597 composite?
True
Is 9114412123 a prime number?
True
Is 1787426579 a composite number?
True
Is 36444897013 composite?
True
Is 9398963489 a composite number?
False
Is 6600971437 a composite number?
True
Is 9896887571 composite?
False
Is 9236564257 a prime number?
True
Is 119818257037 a prime number?
True
Is 3558025447 a composite number?
False
Is 103391701 a prime number?
False
Is 535147919 a prime number?
True
Is 2462240639 a composite number?
True
Is 1158695539 a prime number?
False
Is 3886025771 a prime number?
True
Is 278143093 prime?
True
Is 26158789927 composite?
False
Is 1942743337 composite?
False
Is 2577448901 a prime number?
True
Is 429411071 prime?
True
Is 2758427557 a composite number?
True
Is 873488167 a prime number?
True
Is 39825019073 a composite number?
True
Is 1492248685 composite?
True
Is 518737279 a composite number?
True
Is 66717499 a prime number?
False
Is 112795117 a composite number?
False
Is 2238971027 prime?
True
Is 1974403111 a composite number?
False
Is 3868308949 prime?
True
Is 443352823 prime?
True
Is 33395997 composite?
True
Is 229027177 a prime number?
False
Is 4856356031 a composite number?
False
Is 10673894629 a prime number?
False
Is 200740192141 a prime number?
True
Is 2131690601 a composite number?
True
Is 1875562609 prime?
False
Is 63865961647 a composite number?
False
Is 23648008147 a prime number?
False
Is 74724561187 a prime number?
False
Is 268966783 composite?
False
Is 66439050553 a composite number?
True
Is 310489854221 composite?
True
Is 4243721 prime?
True
Is 8068973771 a composite number?
True
Is 3601246469 composite?
False
Is 669573287 composite?
False
Is 8041346023 composite?
False
Is 5568903377 composite?
True
Is 1222100393 composite?
True
Is 399161066 composite?
True
Is 973337051 prime?
True
Is 447894511 a prime number?
False
Is 233562729 a composite number?
True
Is 2479446119 a composite number?
False
Is 41082310351 composite?
False
Is 448879531 prime?
False
Is 89497743501 prime?
False
Is 2119561645 composite?
True
Is 475768751 a prime number?
False
Is 486908843 composite?
False
Is 703484957 a prime number?
False
Is 16134126737 prime?
False
Is 7394509211 prime?
True
Is 1117950853 a prime number?
True
Is 19484787349 a composite number?
False
Is 123039353 composite?
True
Is 10222417991 prime?
True
Is 34147933423 a composite number?
False
Is 548641081 prime?
True
Is 10705819001 a composite number?
True
Is 1923492227 a composite number?
True
Is 2330429969 a prime number?
False
Is 13080131 composite?
True
Is 4824564959 a composite number?
False
Is 125222437 a prime number?
True
Is 5438030929 a composite number?
False
Is 454613143 prime?
False
Is 3023800567 a prime number?
True
Is 14386622807 prime?
False
Is 3326346709 prime?
False
Is 6485602507 a prime number?
False
Is 287566027 composite?
True
Is 4664527529 a prime number?
True
Is 18034476763 composite?
False
Is 8352349 a composite number?
True
Is 4995047779 a prime number?
True
Is 3967328473 prime?
False
Is 129909053 a composite number?
True
Is 10756900309 a prime number?
False
Is 17073512149 a prime number?
False
Is 812587621 composite?
False
Is 1493434177 a composite number?
True
Is 119105323885 a prime number?
False
Is 1843129429 a composite number?
False
Is 60676971155 prime?
False
Is 25823362835 a composite number?
True
Is 3716153983 prime?
True
Is 54686351 prime?
False
Is 3466123517 composite?
True
Is 8022431171 a composite number?
False
Is 1297375967 a composite number?
False
Is 70149239203 a prime number?
False
Is 5304730927 a composite number?
True
Is 1052172479 composite?
False
Is 152388655 composite?
True
Is 280068211 a prime number?
False
Is 12657778249 composite?
False
Is 60643750801 a prime number?
True
Is 1590064841 a prime number?
False
Is 644264287 composite?
True
Is 5478791407 prime?
True
Is 1259995559 a prime number?
False
Is 112366692453 a composite number?
True
Is 2246152498 a composite number?
True
Is 473698092551 prime?
True
Is 12386262467 a prime number?
True
Is 5681316299 composite?
False
Is 1826780801 composite?
False
Is 48003612443 composite?
False
Is 3432412669 a prime number?
False
Is 393818177 a composite number?
True
Is 6338080687 composite?
True
Is 27615564211 a prime number?
True
Is 113459029 composite?
True
Is 57480097 composite?
False
Is 950596041 prime?
False
Is 47842155331 a composite number?
True
Is 10257585019 a prime number?
False
Is 4914307267 prime?
True
Is 2188230313 prime?
True
Is 1334004449 composite?
False
Is 217734779 prime?
False
Is 4404668927 prime?
True
Is 12984337169 a prime number?
True
Is 21033448741 a prime number?
False
Is 167736817 a composite number?
True
Is 17155285757 a composite number?
False
Is 10173792199 a composite number?
False
Is 8886053929 a prime number?
False
Is 196205711 a prime number?
False
Is 207515843 a composite number?
False
Is 981329737 prime?
True
Is 8218483654 a prime number?
False
Is 1821708959 a prime number?
False
Is 1351033447 a composite number?
False
Is 91686090781 a composite number?
True
Is 15895484911 prime?
False
Is 96506580871 composite?
True
Is 2508140567 prime?
True
Is 891544267 a composite number?
True
Is 115935097 composite?
True
Is 874933183 a prime number?
True
Is 848127421 prime?
True
Is 